t common factor of v and 2?
1
Let d(a) = a**3 - 4*a**2 - 15*a + 63. Let g be d(4). Let l be g*(-10 + 13 + (-2)/(-6)). Calculate the greatest common divisor of l and 2.
2
Let c = 19479 + -19234. Calculate the highest common divisor of 1820 and c.
35
Let q(u) = -u**2 + 16*u + 40. Let t be q(17). Suppose -48 = -j + 65. Let h = j - t. Calculate the greatest common factor of 18 and h.
18
Let d be (-4 - -1 - -2)*510. Let f = 511 + d. Calculate the highest common factor of 7 and f.
1
Let i(m) = -175*m + 1058. Let v be i(6). What is the greatest common factor of v and 70?
2
Suppose 2*s + 1169 = 2555. What is the highest common factor of s and 297?
99
Suppose 6*r = r + 180. Suppose -88*p = -86*p - r. What is the greatest common factor of p and 42?
6
Let h = -40709 + 41205. What is the highest common divisor of 272 and h?
16
Let p(v) = -v**3 - 41*v**2 + 65*v + 173. Let r be p(-48). Calculate the greatest common factor of r and 49.
49
Suppose 0 = -3*l, 3*a - 5*a + 4*l + 22 = 0. Suppose a*i + 45 = 342. What is the highest common divisor of i and 72?
9
Let x be 2314/22 + 10/(-55). Suppose -7*t + 7770 = 70*t + 34*t. What is the greatest common factor of t and x?
35
Let g(m) = -5*m**2 + 2*m - 15. Let v(n) = n**2 + 1. Let a(q) = g(q) + 6*v(q). Let h be a(-5). Let p = -31 + 34. What is the highest common divisor of p and h?
3
Let o = 17 + -5. Suppose c + 479 = -2*n, 2*c + 457 + 19 = -2*n. Let u = n - -373. What is the greatest common factor of u and o?
12
Suppose -255345 = -85*y - 77610. Calculate the highest common divisor of 41 and y.
41
Let b(o) = -4*o**3 + 4*o**2 + 15*o + 22. Let t be b(-6). Calculate the greatest common factor of t and 1316.
188
Suppose 7*s + 221760 = 11*s + 29*s. What is the greatest common factor of 105 and s?
105
Suppose -50*i + 8820 = 270. What is the greatest common factor of 19 and i?
19
Let z = -6 + 30. Let l be 5*((-56)/(-20) + -2). Suppose 0 = -u - q + 3*q + 10, -l*q = -4. Calculate the highest common divisor of u and z.
12
Let c(r) = -2*r + 41. Let v be c(18). Suppose 650 = v*q + 20*q. What is the greatest common factor of 403 and q?
13
Let i = 661 + -459. Suppose -i + 40 = -2*s. Calculate the highest common divisor of s and 216.
27
Suppose -73*v + 70*v - 168 = 0. Let y = -64 - v. Let k be ((-66)/y)/(-9*3/(-72)). Calculate the highest common factor of k and 33.
11
Let z(k) = k**2 + 4*k + 8. Let r(d) = 3*d + 20. Let m be r(-9). Let x be z(m). What is the highest common factor of 1 and x?
1
Suppose 5208*y + 8585 = 5309*y. Calculate the highest common factor of y and 235.
5
Suppose 135 = 5*r + w - 139, 0 = 3*r + 5*w - 182. Let m(s) = -7*s**2 + 262*s + 78. Let q be m(37). Calculate the greatest common factor of q and r.
27
Let x(a) = a**3 + 11*a**2 + 29*a + 205. Let t be x(-10). Calculate the highest common divisor of 96 and t.
3
Let x(y) = 16*y - 110. Let t be x(18). Suppose 0 = -8*w + 86 + t. What is the greatest common factor of w and 165?
33
Let j(p) = 19*p + 275. Let m be j(-14). Suppose 4*l + m = 93. Calculate the highest common divisor of l and 35.
7
Suppose 88 + 9 = v. Let c = v - 56. Suppose 19*x = -8*x + 3321. What is the highest common divisor of c and x?
41
Let x be -99 + 3 + -1 + (8 - 5). Let q = 113 + x. Suppose 289 = 2*n + 3*t, 2*n + 4*t = 3*n - 172. Calculate the highest common factor of q and n.
19
Let k(j) = j**2 - 3*j - 7. Let c be k(6). Let y(d) = 11*d**3 + 164*d**2 - 46*d + 52. Let n be y(-15). What is the highest common factor of n and c?
11
Let o be (11 + -21)/(40/(-688)). Calculate the highest common factor of 120 and o.
4
Let u be 5 + -666 + (-3)/3. Let i = u - -763. What is the greatest common factor of 1 and i?
1
Let c = 36 - 13. Let i = c + -15. Let u(f) = -f**3 - 11*f**2 - 11*f - 2. Let t be u(-10). Calculate the greatest common factor of t and i.
8
Suppose -c + 205 = 5*i - 56, -2*c - i = -477. Let v = -205 + c. What is the greatest common factor of v and 279?
31
Suppose 0 = -5*u - 4 + 9. Suppose u + 5 = -2*t. Let i be 14/(-4)*-2 + (-2 - t). Calculate the highest common factor of 12 and i.
4
Let o(f) = f**3 + 27*f**2 + 17*f - 2. Suppose -17*l - 140 - 302 = 0. Let y be o(l). What is the greatest common factor of 4 and y?
4
Let p(w) = 3*w + 220. Let i be (1 + 1)*1 + -2. Let l be p(i). What is the greatest common divisor of 44 and l?
44
Let l(p) = 34*p**2 + 16*p - 33. Let f be l(2). What is the greatest common divisor of 18 and f?
9
Let b be (11/33 - 44/(-3)) + -1. Let n be 1 - 47/7 - 4/b. Let d be (-3)/15 - 113*n/15. What is the greatest common divisor of 9 and d?
9
Let y = 57534 - 33900. What is the greatest common factor of y and 156?
78
Let b = 1538 - 1197. Let a(x) = x**3 + 7*x**2 - 3*x + 10. Let h be a(-7). What is the greatest common divisor of b and h?
31
Suppose 1348 = 5*p - 4*r, -17*p - r = -18*p + 269. What is the greatest common divisor of 442 and p?
34
Let b = 54 - 43. Let i(a) = 0*a + 141*a**2 - 142*a**2 + 9*a + 23. Let c be i(b). Calculate the greatest common factor of c and 17.
1
Suppose -4*v = -9 - 55. Let n be 20 - 17 - (1*-1)/1. Suppose -5*b + n*k + 416 = 0, 4*b - 389 = -4*k - 85. What is the highest common divisor of v and b?
16
Let a be (-1)/(-5) + 418/10. Suppose 0 = -26*w + 2100 + 7728. What is the greatest common factor of a and w?
42
Let i(g) = g**2 + 57*g - 885. Let v be i(50). Calculate the greatest common factor of v and 190.
95
Let w = 45 + -42. Let h = w + 1. Suppose h*g - 39 = 3*f, -4*g - 13 = -2*g + 5*f. Calculate the greatest common divisor of g and 9.
3
Suppose 2276 = -28*l + 2304. Calculate the greatest common divisor of 16 and l.
1
Let f(y) = 467*y + 3364. Let v be f(-3). Calculate the greatest common divisor of 13 and v.
13
Let u(t) = -2*t - 6. Let m be u(-11). Suppose j - m*j = -540. What is the highest common factor of j and 234?
18
Let z be 2/(-2) - (5 + -9). Suppose 0 = -z*g + 9*g - 120. Let n be (-93 - -79)/(-1 - 8/(-10)). Calculate the greatest common divisor of g and n.
10
Let b(a) = 7*a**3 + 6*a + 4. Let t be b(-3). Let o = 210 + t. What is the highest common factor of o and 91?
7
Let w = -90 - -130. Let t = -110 + 113. Let v be -3 + 1 + (350 - -9) + t. Calculate the highest common factor of w and v.
40
Let q be 1/(-2) + 3051/54. Suppose 0 = -i + 3*h - 6, 0 = -2*i + h + 4*h - 10. Suppose -4*m = -i*m - q. What is the greatest common divisor of 56 and m?
14
Let m(i) = 3*i**2 - 134*i - 209. Let f be m(47). Let n(q) = q**2 + 4*q + 12. Let v be n(-6). Calculate the greatest common divisor of v and f.
24
Let c = 1691 + 2785. What is the highest common divisor of c and 12?
12
Suppose 0 = 3*n - 8*n + 320. Suppose 0*w = -4*w + 16, -4*x = 3*w - 28. Suppose -n = -x*h - 12. What is the greatest common divisor of h and 104?
13
Let w = 3170 - 3171. Let p(f) be the third derivative of -19*f**6/20 + f**5/20 - f**3/6 + f**2. Let n be p(w). What is the greatest common factor of 29 and n?
29
Suppose 0 = 4*b + 2*k - 796, b = 4*k + 163 + 9. Let h(a) = 4*a**2 - 3*a - 1. Let l be h(5). Calculate the highest common factor of l and b.
28
Let h be 12*13/((-117)/(-99)). Let z(m) = 4*m**2 + 2*m - 1. Let w be z(-3). Let c = w - 17. What is the highest common divisor of c and h?
12
Let p = 616 - 21. Suppose 0 = -22*q + 27*q - p. Suppose 3*s = -4*g + 125 + q, 321 = 4*s + g. What is the greatest common factor of s and 32?
16
Suppose -69 = -3*h + 4*z + z, 5*h - 78 = -4*z. Let k = 43 + 13. Let n be k/10 + 10/25. Calculate the highest common factor of n and h.
6
Let o(z) = z**3 + 20*z**2 + 9*z + 24. Let k be o(-8). What is the greatest common factor of k and 96?
48
Let z = -11994 - -12477. Calculate the greatest common divisor of 1035 and z.
69
Suppose 5*t - 4*u - 309 = 0, 5*t - 4*t = 3*u + 53. Suppose 6*y - 209 = -t. What is the greatest common factor of y and 3?
3
Let s be (-3 - -18) + (683 - 2). What is the highest common factor of 312 and s?
24
Let t(z) = -z**3 + 4*z**2 + 4*z + 51. Let h be t(6). Calculate the greatest common factor of h and 3.
3
Let p(t) = 3*t**2 - 6*t - 11. Let d be p(5). Let h be ((-609)/(-119) - 5) + 812/d. Calculate the greatest common factor of 204 and h.
12
Let y be (108/(-135))/((-8)/240). What is the highest common factor of 2052 and y?
12
Let d = 2649 + 1415. What is the highest common divisor of 32 and d?
32
Let q(d) = -d**3 - 33*d**2 + 484*d + 6. Let b be q(-4